1 composite?
True
Is 10649369 prime?
True
Is 69940599 a composite number?
True
Is 2645499 a composite number?
True
Is 1752515 composite?
True
Is 1204223 prime?
False
Is 116116262 composite?
True
Is 4939799 composite?
True
Is 73684627 prime?
True
Is 726794401 a composite number?
False
Is 140187935 composite?
True
Is 10284143 a composite number?
False
Is 1512877 prime?
True
Is 2157433 prime?
False
Is 4930823 composite?
True
Is 42101167 a composite number?
False
Is 411675497 a composite number?
True
Is 279114817 a composite number?
False
Is 691681 a composite number?
False
Is 124930622 composite?
True
Is 9590951 a composite number?
False
Is 30622135 composite?
True
Is 9985121 a composite number?
True
Is 4137623 a prime number?
False
Is 42986501 composite?
True
Is 9631907 composite?
True
Is 64675201 a prime number?
True
Is 29786711 a composite number?
False
Is 176121667 prime?
False
Is 14173 a prime number?
True
Is 218622527 prime?
False
Is 275542327 prime?
True
Is 17956457 a prime number?
False
Is 13974497 composite?
True
Is 42163161 a prime number?
False
Is 4155839 a composite number?
False
Is 203912309 a prime number?
True
Is 107292143 composite?
True
Is 1604711 a composite number?
False
Is 5848589 a prime number?
True
Is 1666991 prime?
True
Is 2561911 a composite number?
True
Is 18732017 composite?
False
Is 33557 composite?
True
Is 3170549 composite?
True
Is 875045723 composite?
False
Is 357419 a composite number?
True
Is 92360209 prime?
False
Is 11380678 a prime number?
False
Is 3565979 prime?
True
Is 324538633 prime?
True
Is 74139287 composite?
False
Is 6457877 prime?
True
Is 57783419 prime?
False
Is 1400227 prime?
False
Is 135919 a composite number?
True
Is 53453929 composite?
True
Is 10103813 prime?
False
Is 567669 prime?
False
Is 601717 composite?
False
Is 70034219 a composite number?
True
Is 77254277 a prime number?
True
Is 1160791 a composite number?
True
Is 827213 prime?
True
Is 221819011 prime?
True
Is 70892821 composite?
False
Is 15614743 a composite number?
True
Is 5498957 composite?
True
Is 1309981 a prime number?
False
Is 150126527 a composite number?
False
Is 238643855 composite?
True
Is 8958667 composite?
False
Is 228360959 a prime number?
True
Is 26568149 prime?
True
Is 20401531 prime?
False
Is 242821 prime?
False
Is 133068347 prime?
True
Is 2328533 composite?
False
Is 60416666 a composite number?
True
Is 15902047 a prime number?
False
Is 50113633 composite?
False
Is 300066883 a prime number?
False
Is 9308801 a prime number?
True
Is 17248535 prime?
False
Is 78586069 a composite number?
True
Is 40666697 prime?
True
Is 74509159 composite?
True
Is 24604571 a composite number?
False
Is 100205887 prime?
True
Is 29578573 composite?
True
Is 52318139 composite?
False
Is 33007043 prime?
False
Is 11664343 a prime number?
True
Is 4581719 prime?
True
Is 2417201 a composite number?
False
Is 774941663 prime?
True
Is 3165887 a prime number?
True
Is 538647 composite?
True
Is 51266741 composite?
True
Is 60952889 prime?
True
Is 1495157 prime?
True
Is 55493583 prime?
False
Is 142106047 composite?
False
Is 1592471 prime?
True
Is 1885615 composite?
True
Is 1595983 prime?
True
Is 89606101 prime?
False
Is 466436917 composite?
False
Is 11395433 a composite number?
True
Is 364411 composite?
False
Is 1257387179 composite?
False
Is 303697907 a composite number?
False
Is 45567959 prime?
False
Is 1271591 a composite number?
True
Is 14401279 prime?
True
Is 6564749 composite?
False
Is 5279819 a prime number?
False
Is 43753441 a prime number?
True
Is 147751783 a prime number?
True
Is 49303693 prime?
False
Is 14057843 composite?
False
Is 41923597 prime?
False
Is 453182141 a composite number?
True
Is 228353623 a composite number?
True
Is 26879311 composite?
False
Is 1323967 a composite number?
False
Is 164838671 a composite number?
False
Is 24298041 a prime number?
False
Is 33026221 composite?
False
Is 13605479 a composite number?
False
Is 29470019 composite?
True
Is 814778621 a composite number?
True
Is 22288873 composite?
True
Is 46060061 composite?
True
Is 459708019 prime?
False
Is 36522683 prime?
True
Is 5642951 composite?
True
Is 333383 composite?
False
Is 46627001 a prime number?
False
Is 27059519 a composite number?
False
Is 166643 a composite number?
False
Is 190857687 prime?
False
Is 200476569 a composite number?
True
Is 35743289 composite?
True
Is 5288911 composite?
True
Is 388878557 prime?
True
Is 848209 prime?
False
Is 27444119 composite?
True
Is 22157833 a composite number?
True
Is 579847 prime?
False
Is 1047617 a composite number?
True
Is 289192873 a composite number?
False
Is 941471 a prime number?
True
Is 27040241 a prime number?
True
Is 165939223 prime?
False
Is 10464449 a prime number?
False
Is 18312167 a composite number?
False
Is 64677777 prime?
False
Is 2690291 a composite number?
True
Is 36787703 prime?
True
Is 941093 composite?
False
Is 18323533 a composite number?
False
Is 2062937 a prime number?
True
Is 192743417 a composite number?
False
Is 34448047 a prime number?
True
Is 24653677 a composite number?
True
Is 17876153 composite?
False
Is 3411182 a composite number?
True
Is 5333003 prime?
False
Is 27835111 a composite number?
True
Is 301588093 composite?
False
Is 47281081 composite?
False
Is 41066381 composite?
False
Is 703631 a composite number?
False
Is 17747591 composite?
True
Is 4480001 prime?
True
Is 88463 a composite number?
False
Is 50817227 composite?
True
Is 8659793 a prime number?
True
Is 9694651 prime?
False
Is 10133183 prime?
False
Is 15717347 composite?
False
Is 3920443 prime?
False
Is 34271537 a composite number?
False
Is 398470697 a composite number?
False
Is 68819447 prime?
True
Is 455642357 a prime number?
True
Is 546313051 composite?
False
Is 7947521 a composite number?
False
Is 135140113 a prime number?
True
Is 9972427 prime?
False
Is 2189314 composite?
True
Is 229945931 a prime number?
True
Is 693871 a composite number?
False
Is 3677551 prime?
False
Is 3229419 prime?
False
Is 11542767 a composite number?
True
Is 660883 a composite number?
True
Is 8301911 composite?
False
Is 1219013 composite?
True
Is 22872727 prime?
False
Is 718219343 prime?
True
Is 2743061 a composite number?
True
Is 5769253 composite?
True
Is 180604803 a composite number?
True
Is 60000139 composite?
True
Is 1922743 prime?
False
Is 6146461 a composite number?
False
Is 953843711 composite?
True
Is 9138917 prime?
True
Is 689693 a prime number?
True
Is 56446909 prime?
True
Is 22952747 a composite number?
True
Is 1153039 composite?
True
Is 1174438 a composite number?
True
Is 32753993 a composite number?
False
Is 410038631 composite?
False
Is 3601031 a prime number?
False
Is 5095633 prime?
True
Is 14620447 a prime number?
True
Is 3056743 a composite number?
True
Is 19308791 composite?
False
Is 1032037 a prime number?
False
Is 14533127 a prime number?
False
Is 8786209 prime?
False
Is 3817501 prime?
True
Is 2525737 a prime number?
False
Is 92301334 prime?
False
Is 22256799 a prime number?
False
Is 318161 prime?
True
Is 2512813 a composite number?
False
Is 30916087 prime?
True
Is 4703377 composite?
True
Is 47190491 a prime number?
False
Is 14202611 prime?
True
Is 2531159 prime?
False
Is 782357 composite?
True
Is 322963 prime?
True
Is 1047274 a composite number?
True
Is 195821 a composite number?
True
Is 190949 composite?
True
Is 1004255069 a composite number?
True
Is 419774 a prime number?
False
Is 53373377 prime?
False
Is 228978289 a prime number?
True
Is 4488401 prime?
True
Is 48400147 a composite number?
False
Is 164550307 prime?
False
Is 6665011 prime?
True
Is 1260097 a composite number?
True
Is 12694469 a prime number?
False
Is 562719 a prime number?
False
Is 4010381 prime?
False
Is 5224837 composite?
False
Is 69447197 prime?
True
Is 193423 prime?
True
Is 546979 a composite number?
True
Is 3911183 composite?
True
Is 63972481 a composite number?
False
Is 549711611 prime?
True
Is 450713 a composite number?
True
Is 92374955 composite?
True
Is 17756527 a composite number?
False
Is 8321419 composite?
True
Is 44982689 a composite number?
True
Is 3169169 a composite number?
False
Is 593429 prime?
True
Is 776429 composite?
False
Is 14514365 composite?
True
Is 195059669 prime?
False
Is 19868599 prime?
True
Is 3283519 prime?
False
Is 12119803 prime?
False
I